i*d = 7*d + 650, 326 = 2*p - 2*d. What are the prime factors of p?
3, 5, 11
Suppose 0 = x + z, 5*z = -0*x + 4*x - 27. Suppose -x*y + j + 230 + 26 = 0, -4*y + 358 = 2*j. List the prime factors of y.
3, 29
Let u(r) = 5*r + 2. Let k be u(13). Let i = 82 + k. What are the prime factors of i?
149
Suppose 0 = -4*s - 5*k + 5553, -5*s + 3*s = k - 2775. What are the prime factors of s?
19, 73
Let k(m) = 13*m**2 + 3*m + 1. Let v be k(-1). Suppose 12*f - 32 = v*f. What are the prime factors of f?
2
Let z = 4989 + -9695. Suppose 228 + 45 = -3*r. What are the prime factors of z/r - 4/(-14)?
2, 13
Let h = 590 + -345. What are the prime factors of h?
5, 7
Suppose -w + 2067 = 5*k, -5*k - 125*w = -128*w - 2059. What are the prime factors of k?
7, 59
Let w(r) = 4*r**2 + 11*r - 6. Let i be w(-7). What are the prime factors of (12/66 - (-18)/22)*i?
113
Let s(w) = w**2 - 2*w + 1. Let z be s(1). Suppose -2*n - 3*n = z. Suppose n = a + a - 48. What are the prime factors of a?
2, 3
Let x(o) = o**2 + 13*o - 2. Let w be x(-9). Let z = -2 - w. List the prime factors of z.
2, 3
Let u(i) = -6*i - 8. Let p be u(-12). Suppose 2*o + 0*o - p = 0. Let d = o + -7. What are the prime factors of d?
5
Let v be 147 - (-4 - (1 + -4)). Suppose 0 = 4*x - g - 314, 5*x = 3*x + 5*g + v. What are the prime factors of x?
79
Suppose 0 = -4*d - 0*d + 8. Suppose d*u = -u + 150. Suppose 4*k - 2*k - u = 0. List the prime factors of k.
5
Suppose 4*a = 2*f - 318, 6*f - f + 5*a = 825. Let b = -63 + f. List the prime factors of b.
2, 5
Suppose s + 2*s = -54. Let b = s - -57. List the prime factors of b.
3, 13
Let f(v) = -2348*v + 81. What are the prime factors of f(-1)?
7, 347
Suppose -w = 3*v + 34, 4*w - 5*v + 27 = -24. What are the prime factors of (7275/(-388))/(w/16 + 1)?
2, 5
Suppose 2*j = -0*j - 2. Let d be (-1 + j)/((-3)/(-12)). What are the prime factors of d/6 + 1456/39?
2, 3
Let u = -2041 + 3462. What are the prime factors of u?
7, 29
List the prime factors of (-20)/8 + 9/(54/3927).
2, 163
Let j(h) = 2*h + 4. Let r(d) be the third derivative of d**4/24 - d**3/3 - d**2. Let k be r(5). What are the prime factors of j(k)?
2, 5
Let a(q) = 0 - 5 + 13*q + 0 + 6*q - q**2. What are the prime factors of a(14)?
5, 13
Let q(k) = 2*k**2 + 36*k - 23. List the prime factors of q(-23).
3, 23
Suppose 6 = -3*n + n. Let j(r) = 4*r**2 + 7*r + 1. What are the prime factors of j(n)?
2
Let a(u) = 7*u**2 - 2*u - 4. Let h(l) = -3*l**2 + l + 2. Suppose 5*v - 3*v = 6. Let m(z) = v*a(z) + 5*h(z). List the prime factors of m(-2).
2, 3
Suppose 100*y - 26773 = 194227. What are the prime factors of y?
2, 5, 13, 17
Let h(d) = d**3 + 17*d**2 - d - 12. Let w be h(-17). Let x = w - -10. What are the prime factors of x?
3, 5
Suppose -8*p + 12*p - 4*a - 2232 = 0, 5*p = 2*a + 2793. List the prime factors of p.
13, 43
Let h(n) = 4*n - 6. Let k be h(2). Let f be (3 - 5) + k - -4. Let i(q) = 9*q - 2. List the prime factors of i(f).
2, 17
Let h be ((-3)/2)/((-3)/4). Suppose -4 = -h*i + 16. What are the prime factors of 1464/40 - 6/i?
2, 3
Suppose -3*b = -2*q + b - 2, 0 = -4*q - b + 5. Let u(m) = 83*m**2 + m - 1. Let z be u(q). Let f = z - 35. What are the prime factors of f?
2, 3
Suppose -5*j + 28 - 8 = 0. Suppose 53 = 5*t - j*b, 8*b - 10 = 13*b. What are the prime factors of t?
3
Let v = 77 + 267. What are the prime factors of v?
2, 43
Suppose -2*s + 3 = -3*s. Let x be 79 - 2 - 2 - s. List the prime factors of (2/3)/(4/x).
13
What are the prime factors of (-2*2)/(10152/(-1448) + 7)?
2, 181
Let f = 465 + -255. What are the prime factors of f?
2, 3, 5, 7
Let j(t) = 3*t**3 - 8*t**2 - 4*t**3 - 3*t + 3*t. Let l be j(-8). Suppose 0 = 3*i + 4*c - 50, l = i + i - 2*c - 52. List the prime factors of i.
2, 11
Let w = -643 - -900. Let n = 15 + w. List the prime factors of n.
2, 17
Let c(o) = 512*o - 287. List the prime factors of c(4).
3, 587
Suppose 2*h = -0*h + j + 601, -15 = 3*j. List the prime factors of h.
2, 149
Suppose -5*b = 3*z - 6660, 2*z + 2*b + b - 4440 = 0. List the prime factors of z.
2, 3, 5, 37
Let h = 1688 - -3005. Let n be h/152 + (-2)/(-16). List the prime factors of (-5)/((-5)/n) + -1.
2, 3, 5
Let d(n) = -n**2 + 12*n + 18. Let k be d(12). Let u = k - 13. Suppose 0 = -u*b + 235 + 30. List the prime factors of b.
53
Let j be (-6)/4*((-1600)/(-15))/(-8). Suppose -4*r + 3*h + j = -180, -r + 50 = h. List the prime factors of r.
2, 5
Let u(q) = 4*q + 26. Let j(y) = -y - 9. Let i(o) = 8*j(o) + 3*u(o). Let k(b) = 2*b + 3. Let c(v) = 2*i(v) - 5*k(v). List the prime factors of c(-5).
7
Let h(c) = 11*c**3 - 11*c**3 - 2*c**3 - 4*c - 7 - 3*c**2. List the prime factors of h(-4).
89
Suppose -7*i - 973 = -14*i. List the prime factors of i.
139
Let k = 397 - 273. What are the prime factors of k?
2, 31
What are the prime factors of (-1413 - 15)*(-3)/4?
3, 7, 17
Let a = -5 + 4. Let k be (a - -1) + 2/2. What are the prime factors of (-7)/k*18/(-6)?
3, 7
Suppose -2*s + 3*a = -215, -a + 50 = 2*s - 169. List the prime factors of s.
109
Let j = 130 - 195. Let l = j + 317. What are the prime factors of l?
2, 3, 7
Suppose 0 = 125*k - 120*k - 1710. What are the prime factors of k?
2, 3, 19
Suppose 0*a + 9 = a. Suppose -11 - a = -5*q. Suppose -3*w + 9 = q*l + 2*w, 2*w = -6. List the prime factors of l.
2, 3
Suppose -5*g - 11 = -26. Suppose 2*z + g*d = 70 + 195, 0 = -d - 3. What are the prime factors of z?
137
Let k(z) = -2*z + 39. Let w be k(14). Let c = w - -208. What are the prime factors of c?
3, 73
Let d = 46 + -18. Suppose 5*c - d - 447 = -3*x, -4*c - 3*x + 383 = 0. List the prime factors of c.
2, 23
What are the prime factors of (354/10)/((-77)/(-385))?
3, 59
Let i(r) = 10*r**2 - 4*r + 3. Suppose -7*h = -h - 18. What are the prime factors of i(h)?
3
Let a = -5892 + 9621. What are the prime factors of a?
3, 11, 113
Let q = 908 - 634. What are the prime factors of q?
2, 137
Suppose 0 = -2*k - 5*k + 805. List the prime factors of k.
5, 23
Let c(i) = -3 - 3 + 4 - 4 + 46*i. List the prime factors of c(2).
2, 43
Suppose -b - 5*s = -4*b - 6, 3*b + 3*s - 18 = 0. What are the prime factors of b*((-22)/(-6) - 1)?
2
Let l(j) be the second derivative of -j**5/20 + 13*j**4/12 - 3*j**3/2 + 13*j**2/2 - 3*j. What are the prime factors of l(12)?
7
Suppose 0 = -2*v - 5*v + 2240. Suppose 5*h + 7*b - v = 2*b, 5*h - 308 = -2*b. What are the prime factors of h?
2, 3, 5
Suppose 10*q = 19*q - 4005. What are the prime factors of q?
5, 89
Let f(l) = -128*l**3 + l**2 - 3*l - 8. List the prime factors of f(-2).
2, 3, 19
Let p be (-3)/2*(-70)/21. Suppose 4*x - 3 = 3*w, -p*x - 4 + 25 = 2*w. Suppose x*c = 3*q - 96, 0*c = -c - 2. List the prime factors of q.
2, 3, 5
Let n(z) = -z**2 + 28*z - 94. List the prime factors of n(18).
2, 43
Let m(o) = 60*o + 315. List the prime factors of m(29).
3, 5, 137
Let x(g) = -g - 9. Suppose -13 = 4*v - 3*v. Let d be x(v). Suppose 5*s - 81 = d. What are the prime factors of s?
17
Suppose -10 = -5*t - w + 11, -t = 4*w + 11. Let j(u) = -u + 9. Let v be j(t). Suppose -v*c + 8*c = 32. What are the prime factors of c?
2
Suppose -165 - 520 = -5*r. Let o be 260/15*(-36)/8. Let t = o + r. List the prime factors of t.
59
Suppose -4*a = 3*y - 4921, a - 4*y - y = 1213. What are the prime factors of a?
2, 307
Suppose 6*z - 22 = 38. Suppose -379 - 191 = -z*t. List the prime factors of t.
3, 19
Let h be (-4)/6 - (-1524)/18. Let q = h + -51. List the prime factors of 3 - (2 - 0 - q).
2, 17
Let h be ((-54)/30)/((-6)/20). Let u be h*(-2)/4 - -17. Suppose w - 9 = u. What are the prime factors of w?
23
Let d be 53/(-5) + 2/(-5). Let n(w) be the first derivative of -5*w**2/2 - 7*w + 195. List the prime factors of n(d).
2, 3
Let j = 20 - 16. Suppose 21 = -j*n + 277. What are the prime factors of 686/16 - (-8)/n?
43
Suppose 0 = -5*o - 20, -5*b - 5*o + 1 = -4. Suppose -4*i = -3*u - 7, 2*u + 0*i = 3*i - b. List the prime factors of (u - 0) + 3 + 72.
2, 37
What are the prime factors of (3312/168)/(2/28)?
2, 3, 23
Suppose 153 + 407 = 7*a. Let z = -46 + a. List the prime factors of z.
2, 17
Suppose 5*t - 30 - 1140 = 0. Suppose -t = -5*b + 186. What are the prime factors of b?
2, 3, 7
Let y be ((-2)/(-5))/(3/2340). Suppose 3*q - 4 = 2. Suppose 5*i - o = y, -4*i + 252 = -0*o - q*o. List the prime factors of i.
2, 31
Let x = -38 - -25. Let j(f) = -3*f + 2. List th